posite?
False
Let l(y) = 665*y**2 - 230*y + 12. Is l(-7) a prime number?
False
Let b be 279 + 4/(12/(-3)). Let k = 461 - b. Let t = 496 + k. Is t a prime number?
False
Is 15389/2*(10 - 4)/3 composite?
True
Let r be 1 - 4 - -16 - 1. Suppose 0 = -2*j - 0*c + c + r, 0 = 2*j + 2*c. Suppose -3*y - j = -4*y, 5*u = y + 441. Is u composite?
False
Let g(i) = 116*i + 4*i**2 + 2 + i**3 - 11 - 126*i. Is g(6) composite?
True
Let x be 12/14*(-28)/(-6). Suppose -2*p + 51 = 5*r, 0*p = 5*p - x*r - 45. Suppose 497 = -12*t + p*t. Is t prime?
False
Let l be 87/27 - 2/9. Suppose 15 = -3*x, l*x - 516 = -8*u + 5*u. Is u composite?
True
Suppose 0 = -4*m + 5*b - 0*b + 5889, 7357 = 5*m - 2*b. Is m a prime number?
True
Suppose -3*d = d + g - 27294, 0 = 2*d + 5*g - 13656. Is d a composite number?
False
Let c = 382 + 772. Let d = 1993 - c. Is d composite?
False
Let r be 10/25 - 24/(-15). Suppose 2*s - 504 = r*v, 5*v - 134 = -3*s + 646. Let k = 434 - s. Is k a composite number?
False
Suppose 4*b = v + 95, -3*v + 40 = b - 0*b. Let p = 36 - b. Let z = p + -8. Is z a composite number?
False
Suppose x - 2*x = -3. Suppose x*c - c = 4. Suppose -3*f + 4*f + 3*a = 144, 303 = c*f + 3*a. Is f prime?
False
Suppose 5*y + 2994 = 2*c, 8 = 4*y - 2*y. Let q = -126 + c. Is q prime?
True
Suppose 2*x = -3*x - 5. Is 1/1 - x/((-1)/(-122)) a composite number?
True
Let y(l) = -16*l**3 - 9*l**2 + 5*l + 3. Let r(u) = u**3 - u**2. Let f(s) = -6*r(s) + y(s). Is f(-5) a prime number?
False
Suppose -8*f - 3402 = -5*f. Let u = -752 - f. Is u a composite number?
True
Let f = 108 + -108. Suppose 3*u + g - 2977 = 0, -4*u - 4*g + 908 + 3056 = f. Is u a prime number?
False
Suppose -2*t + 4*y + 32 = -t, -5*y - 4 = t. Suppose -1 + t = 3*f. Suppose 10 = f*b, b - 89 = -h + 26. Is h a composite number?
False
Let z(m) be the second derivative of 10*m**3/3 + 8*m**2 - 2*m. Let k be z(5). Let s = 307 - k. Is s a composite number?
False
Suppose s + 5*d = 2057, 3*d = 4*s + d - 8184. Is s composite?
True
Is 7/(-21)*89715/(-5) a composite number?
False
Suppose 0 = 5*k + 4*g - 7520, -3*g - 1125 = -3*k + 3414. Let r = -339 + k. Is r composite?
True
Let o(z) = z**3 + 6*z**2 + 0*z**3 - 10*z + 8*z**2 - 21*z**2. Let x be o(8). Is ((-711)/12)/(6/x) composite?
True
Let p(u) = -1 - 6*u - 1 + 3. Suppose 0*h = i - 3*h - 13, 0 = 2*i + 3*h + 19. Is p(i) a composite number?
False
Suppose 0 = -2*b - 179 + 1401. Suppose -4*t = 3*m - 447, 3*t = 5*m - 163 - b. Let i = 374 + m. Is i prime?
False
Let l be 1 - (-2 - (-1 - -3)). Let r(z) = -9*z - 9. Let m(a) = 9*a + 10. Let u(c) = l*r(c) + 4*m(c). Is u(-7) a prime number?
False
Let j(x) = -14*x + 137. Let i be j(19). Suppose 2*w + 119 = -1. Let h = w - i. Is h a composite number?
True
Suppose -2*i - 2*h = 2*i + 6, 4*i + 9 = -3*h. Suppose g + 63 - 646 = i. Is g a prime number?
False
Suppose -5*i = -i - 16. Suppose i*a = a - 45. Let u = a + 28. Is u prime?
True
Let f be 2*((-60)/8 - 2). Let y = 23 + f. Suppose -y*u + 462 = -2766. Is u prime?
False
Let t(d) = -d**3 + 5*d**2 + 7*d - 12. Let p be t(6). Is 6708/18 + (-2)/p prime?
True
Is ((-60)/(-8) - 5)*(-5 - -223) composite?
True
Suppose -4*l + 16 + 0 = 0. Let h be (l/2 - -4)/2. Suppose 4315 = h*t - 2*s, -4*t + 5*s = 4*s - 5760. Is t composite?
True
Let t = -49 - -46. Let i(h) be the third derivative of -h**6/120 + h**5/15 + h**4/8 + h**3/2 + 5*h**2. Is i(t) composite?
True
Let i(g) = -7942*g - 409. Is i(-3) a prime number?
True
Suppose 5*j - 23558 = -2*s - s, -4*s = 3*j - 14137. Suppose -3*w + j = 3*l + 2*w, -4*l = -2*w - 6264. Is l a prime number?
True
Suppose 0*b - 5*b - 4*i - 121 = 0, 4*b = 4*i - 68. Is (-3)/b + (-44238)/(-14) + 3 a composite number?
False
Suppose 0 = -4*t - 4*q - 60, -3*q - 6 - 24 = 2*t. Let s = -13 - t. Is s + -3 + 4*20 composite?
False
Let y(m) = -2*m**3 - 7*m**2 + 8*m + 4. Let t be y(7). Let u = t + 2218. Is u a prime number?
True
Let q(x) = x**3 + 9*x**2 - 12*x + 4. Let s be q(-9). Suppose v - s = -3*v. Let h = -18 + v. Is h a composite number?
True
Suppose -3*f - x = 18, -x = f + f + 11. Let s = 54 + f. Is s prime?
True
Suppose 6*k - 226 = 1112. Is k composite?
False
Let x(c) be the second derivative of -8*c**3 - 7*c**2/2 + 31*c. Is x(-15) a composite number?
True
Let x(v) = -736*v - 383. Is x(-21) prime?
True
Let b(k) = k - 8. Let g be b(12). Suppose -5*a = -g*a - 587. Is a prime?
True
Let g(c) = 1 - 2 + c**3 - 17*c**2 + c + 21*c**2. Let n be g(-2). Suppose l = n*l - 556. Is l a composite number?
False
Suppose u - 3*u = 16. Let d(b) = -59*b - 5. Is d(u) a composite number?
False
Let l(b) = b**3 - 12*b**2 - 23*b - 209. Is l(32) prime?
False
Suppose 3*o + 4518 = 3*v, -3*v - 2*o + 1331 = -3207. Is 7/(3 - v/505) a composite number?
True
Let h(w) = -w**3 - 10*w**2 + 9*w + 3. Let l be h(-11). Suppose -l = 5*i - 5, 0 = 4*s + i - 3408. Is s composite?
False
Suppose -2*z - 3*t = -5*z + 12, -t = z - 2. Let w be 8*z/6*-26. Let o = 163 + w. Is o a composite number?
False
Suppose 16*m + 129451 = 23*m. Is m a composite number?
False
Suppose 0 = 2*z - 2*t - 4, 0*z - 3*t - 12 = -5*z. Is 0/(-3) + z - 5 - -93 a prime number?
False
Let c(k) = 1274*k**3 + 1. Let i be c(1). Suppose -3*a - 4*x + i = -525, -2*a = -5*x - 1177. Suppose 3*h = h + a. Is h prime?
False
Let h(j) = 3007*j + 84. Let v(u) = -1504*u - 43. Let p(m) = -6*h(m) - 11*v(m). Is p(-8) a prime number?
True
Let d(o) = 825*o + 53. Is d(6) prime?
True
Let q(k) = -k**2 + 4*k + 0*k**2 + 5 + 7*k + 0*k. Let m be q(7). Suppose f - 160 = -m. Is f composite?
False
Let g = -3052 + 23973. Is g prime?
True
Let g(f) = f**2 - 4*f - 2. Let w be g(5). Suppose -1 = b, 0*b + 2*b = w*z - 653. Let q = z - 128. Is q composite?
False
Suppose 5*t - 7 - 73 = 0. Suppose 4*n - t = 2*n. Suppose -3*b = -n*b + 2225. Is b prime?
False
Let f(n) = 381*n**2 - 106*n - 2. Is f(3) a composite number?
False
Let r(i) = 3*i - 11. Let j be r(2). Is (3/j - (-104)/15)*3 a prime number?
True
Suppose 56515 = 7*d + 19975. Suppose 2*v - w = -6*w + d, -10414 = -4*v + 3*w. Is v a prime number?
False
Let k(b) be the first derivative of 3 + 99/2*b**2 + b. Is k(4) a composite number?
False
Let g(r) = r**3 + 10*r**2 + 7*r - 1. Let f = -4 + 4. Suppose 2*k + 4 = f, 13 = -2*l - l + k. Is g(l) a prime number?
True
Suppose 60 = 5*x + 15. Let v be (-6)/27 + 20/x. Suppose 5*i - v*i = 78. Is i a composite number?
True
Let f = 55 + -51. Suppose f*n + 522 = m, -4*m - 3*n + 441 = -1742. Is m prime?
False
Suppose 2*q - 9*q + 196 = 0. Let m be 66/8 - 7/q. Let f(p) = p**3 - 9*p**2 + 10*p + 3. Is f(m) a composite number?
False
Suppose -19 + 7 = 6*o. Is (o - 19/2)/(10/(-1940)) a composite number?
True
Let l be (0/(8/(-1 - 3)))/2. Suppose l = -4*b + 12, 3*x - 2*b - 2444 = 2119. Is x prime?
True
Let u(z) = z**2 - z - 3. Let d = -25 + 14. Let i(f) = -2*f**2 + 2*f + 6. Let c(v) = d*u(v) - 6*i(v). Is c(-7) composite?
False
Let t(d) = d**3 - d**2 + 119. Let p(i) = 5 - 5 + 9*i**2 + i**3 + 0*i**2. Let a be p(-9). Is t(a) composite?
True
Let j(k) = -k + 3. Let o be j(-4). Let a(l) = -31*l - 6. Let d be a(o). Let c = -112 - d. Is c a composite number?
True
Suppose 0 = -0*g + 4*g - 460. Suppose -5*o - 15 = -g. Is o/150 - (-4963)/15 prime?
True
Let x = -108758 - -180579. Is x a prime number?
True
Suppose 7 - 34 = -3*k. Let v(q) = 5*q**2 + 9*q - 5. Is v(k) composite?
True
Let c be (-2)/(-8) + (-93)/4. Let x(a) = 2*a**3 - 14*a**2 + 5*a - 3. Let w be x(7). Let g = c + w. Is g composite?
True
Is -1*1*19070/(-20)*2 a composite number?
False
Suppose 2*w - 60*w = -8785318. Is w a composite number?
False
Let f(j) = -2*j + 6. Let n be f(7). Let c(w) be the second derivative of -w**5/20 + w**4/6 + 3*w**3 - 9*w**2/2 + 10*w - 5. Is c(n) composite?
False
Let s be 2 - (-1 + (-92)/(-2)). Let v = s + 23. Is 5/v - (-987)/12 a composite number?
True
Suppose 13*n + n - 112 = 0. Suppose n*p - 318 = 362. Is p a composite number?
True
Let a(m) = -44*m. Let b(j) = -j**2 + 13*j + 11. Let n be b(14). Let o be a(n). Suppose -2*w + 82 = 5*h - o, w - 81 = 4*h. Is w a prime number?
True
Let p(f) = 2*f + 19. Let g be p(-8). Suppose g*w = -r - w - 1, -w - 5 = 5*r. Is (r - 0)/(1/(-527)) a composite number?
True
Let i = 8 - 5. Let w(v) = 4*v**3 + 4*v + 3 - 2 + 6*v**2 - 4*v**2. Is w(i) a composite number?
False
Let m(g) = -539*g - 5. Let u be m(-4). Suppose -3*k + u = -3*x, -692 = -3